4 + 1 + 1).
4
What is the value of 10 + (0 + 7 - 2 - 12)?
3
(-19 - -13) + 0 + 2 + 3
-1
(-12 - (-13 + 8)) + 9
2
Calculate (-1 - 0 - -3 - 3) + 5.
4
Evaluate -5 + 9 + -5 - 0.
-1
-7 + 8 + -1 + 5
5
Evaluate 1 + (7 - 3 - 9).
-4
Calculate 9 + -4 - (4 + 0) - -4.
5
Calculate 10 + -13 - (3 - 1).
-5
What is 0 + 0 + (-13 - (-17 + -4))?
8
What is the value of -1 + 2 - (-1 + -3)?
5
Evaluate (21 - 24) + 5 + 1 + -3.
0
Calculate (-5 - -1) + (173 - 163).
6
What is 0 + (-2 - -3) - (-18 + 21)?
-2
What is 0 - -1 - (6 + -2 - 2)?
-1
What is -3 - (-2 + (1 - -3)) - -7?
2
Evaluate (1 - -4) + 0 + -3.
2
Calculate 4 - ((-2 - -9) + 1).
-4
Calculate -6 + -1 + (-7 - -11).
-3
What is (-23 - 0) + 10 + 6?
-7
What is the value of -5 + 5 + 5 + (0 - 0)?
5
What is the value of 44 - 48 - (0 + 0 + -1)?
-3
-2 + (1 + 3 - 0)
2
Calculate -7 + (11 - 12 - -6).
-2
What is the value of 1 + 0 + (25 - 20) + -3?
3
What is the value of -2 + -1 + (-82 - -77)?
-8
Calculate -8 - (-1 - 4 - -1).
-4
What is (5 - -9) + -6 + (-9 - -9)?
8
Calculate (-6 - (-1 - -3)) + 2 + 3.
-3
Calculate 5 - (0 - (-4 - -4)).
5
Calculate 7 - (8 - 4 - 0).
3
5 - (-5 - -3 - -2)
5
23 - 19 - (0 + (-1 - 0))
5
14 + -10 - -2 - (1 + 5)
0
-8 + 7 - (0 + 4)
-5
6 + (2 - 9) - (-8 + 8)
-1
0 + -1 + 11 + (-8 - 0)
2
What is the value of (0 - -1 - -3) + -5?
-1
5 - 8 - ((-1 - 0) + 0)
-2
Calculate (9 - (7 + -3)) + -2 + 0.
3
What is the value of 7 + (-6 + 0 - -3)?
4
What is the value of -4 - (-1 - (-5 - -1) - 2)?
-5
What is -3 + -1 + -10 + 14?
0
Calculate -1 - 5 - (34 + -39).
-1
What is 11 + 10 + -5 + -14?
2
Calculate 4 - ((3 - 4) + 7).
-2
What is (4 - (2 + -1)) + 16 + -22?
-3
3 - (-4 - -8) - -1
0
Evaluate (-6 - -1) + (2 - 0) + -3.
-6
Evaluate -8 - 0 - (-50 - -39).
3
Calculate -1 - ((-5 - 0) + 6 + -1).
-1
Evaluate (-1 - -4 - 9) + -2 + 6.
-2
-1 + -3 + 6 - (-1 + 6)
-3
What is the value of 5 - (1 - -13) - -19?
10
Evaluate -6 + -4 + 9 + -4.
-5
Calculate -3 - (-3 + -5 + 7).
-2
What is 2 - (0 + -2 + (-6 - -10))?
0
3 - (-26 - -26 - (0 - -4))
7
Calculate -3 + 2 + -1 + (-4 - -4).
-2
Evaluate 3 + 2 + 2 + 0.
7
What is the value of (19 - 19) + (-1 - -4 - 0)?
3
Evaluate 4 + -2 + 1 - (7 - 1).
-3
0 + -5 + 3 - -5
3
Evaluate (4 - (0 + -2)) + (3 - 4).
5
1 + 0 + -10 + (-15 - -20)
-4
What is the value of -2 - 1 - (12 - 18)?
3
Calculate 2 + -6 + 13 - 11.
-2
Calculate -1 - 2 - -4 - -2.
3
Calculate (58 - 51) + (1 - 2 - -3).
9
What is the value of (-2 - (7 + -3)) + -5 + 8?
-3
What is the value of (-4 - -1) + 10 - -2?
9
Calculate -1 + 3 + 33 + -40.
-5
Evaluate -1 - 1 - (2 - (-1 + 1)).
-4
What is the value of 3 - 0 - ((23 - 13) + 0)?
-7
Calculate 2 + 2 + -8 - -8 - 3.
1
Calculate 3 - (4 + -8 + 4 - -3).
0
What is the value of 0 + -5 + 5 - 1?
-1
Evaluate 3 + (-5 - -5) - (-1 - -5).
-1
What is the value of -5 - -9 - (-2 + 2)?
4
-17 - -6 - -21 - 7
3
What is the value of 12 - (-18 + 7 + 18)?
5
Evaluate 3 + -2 + -3 + 2.
0
What is the value of (11 - (0 + 7)) + 4?
8
1 + 5 - (15 - 3)
-6
-2 + -6 - (3 - 8) - -2
-1
Evaluate 187 + -189 + -1 + -4.
-7
What is 22 - (-10 - (7 + -28))?
11
Evaluate -3 + 6 + (3 - 5 - 0).
1
What is (-5 - -3 - 4) + (2 - 1)?
-5
4 - 8 - 7 - -10
-1
What is 7 - -14 - 3 - 7?
11
-5 + -5 + 17 + 2 + -9
0
What is -6 + 4 + 1 + 7?
6
Calculate 5 + (7 + 0 + -3 - 8).
1
What is 1 + 4 + -1 - 9?
-5
(-10 - -11) + -5 + -3
-7
Evaluate 7 - (1 + -2 + 3).
5
Calculate 2 + -3 + -1 - -3.
1
What is -5 - (1 + (-2 + -6 - 0))?
2
What is the value of -1 + 2 + (-4 - -7 - 8)?
-4
What is the value of 1 + (0 - (-3 + 6) - 1)?
-3
Calculate 4 + 0 + -1 + -1 + 0.
2
Calculate 14 - ((0 - -2) + 3) - 6.
3
Calculate 6 - (-2 + 4) - (-100 - -104).
0
What is (5 - 1) + (5 - 3) + 0?
6
Calculate 2 - (-3 - (-14 - -6) - 3).
0
4 + 1 + -3 + 0
2
Evaluate 1 - (-2 - (-1 - -1)) - 6.
-3
Calculate 10 - (3 - (9 + -7)).
9
What is 2 + 1 + (-4 - 1) + 5?
3
What is the value of 8 - (17 + -3 - 5)?
-1
Calculate 6 + (4 - (5 - 0)).
5
Evaluate 1 + (0 - (-1 + 3)) + 2.
1
Evaluate 0 + 0 + 0 - 3.
-3
What is the value of (7 - (-1 - -2)) + (5 - 7)?
4
What is 0 + 2 + (1 - (-1 + 4))?
0
(-16 - -15) + (0 - -4)
3
4 + (3 + 0 - 2) + -4
1
Evaluate 3 + -4 - (-1 + 1 + 2).
-3
What is the value of 0 + 8 + -2 - 2?
4
(-4 - (3 - 6) - 5) + 3
-3
What is the value of 1 + (-7 - -1) + (7 - 7)?
-5
What is 1 + -2 - -7 - (-264 + 262)?
8
Evaluate 2 + 5 + -10 + 4.
1
Calculate -1 - 0 - (-12 - -15).
-4
6 - (-5 - -3) - (4 - 2)
6
Evaluate 7 + -6 + (6 - 6).
1
Calculate (1 - 3) + -5 + (-3 - -5).
-5
-9 + (-7 - -8 - -5)
-3
-2 + -1 + 4 - -2 - 0
3
-4 + (2 + 2 + 1 - 2)
-1
What is the value of 9 + (-12 - -4) - (4 + 1)?
-4
-7 + 19 + -6 - 7
-1
What is -5 + 2 + -13 + 20?
4
Calculate 10 - 11 - ((-8 - -4) + 2).
1
Evaluate 0 + -3 + -104 + 107.
0
(0 - -2) + 0 + -5
-3
Evaluate -1 + 5 + 0 + -5 + -2.
-3
Evaluate (1 - (4 - 3)) + 46 + -43.
3
What is the value of -7 - -5 - (0 + (-1 - -2))?
-3
Evaluate (-9 - -2) + (-6 + 7 - 0).
-6
Calculate 3 + (1 + -4 - 6).
-6
0 + 1 + (8 - 5) + 3
7
Evaluate 6 - (-3 + -4 + 9 + -1).
5
What is -7 - (-10 - (-6 - -2))?
-1
-2 - (-5 - (2 + (5 - 12)))
-2
Evaluate (2 - (15 - 4)) + 8.
-1
Evaluate 1 - -4 - (-14 + 7 - -18).
-6
What is the value of 8 - 7 - 20 - (-4 + -4)?
-11
What is (-16 - -6) + 4 + 1 + -4?
-9
-6 + (9 - (-8 + (9 - 2)))
4
Calculate 4 - (-4 + (6 - (9 + -4))).
7
Evaluate 5 + -6 + 2 + (1 - 9).
-7
(7 - 20) + 1 + 8
-4
What is -3 + -2 + 11 + -2?
4
5 - ((-4 - -14) + -4 + 3)
-4
What is 3 + 3 + (11 - 17)?
0
What is the value of 1 - 1 - (1 + 7 + -12)?
4
Evaluate 14 - (-12 - -33) - 2.
-9
Calculate (-4 + 10 - 2) + -1.
3
Calculate 0 + -4 + (-3 - -10).
3
What is the value of (-5 - (8 - 14)) + 0?
1
What is (-1 + 6 - (22 - 16)) + 2?
1
Evaluate -2 - (7 + -17 + 14).
-6
Calculate 0 + 2 - (-5 - -1 - -3).
3
Evaluate (-6 + 2 - 3) + 3 + 0.
-4
(76 - 81) + (6 - 1)
0
What is -4 + -5 + 9 - (-1 - -1)?
0
What is the value of 0 - (1 - (-3 + 0 + 8))?
4
-5 - (2 + -4) - 0
-3
What is the value of -1 + 0 + -5 - -13 - 3?
4
Evaluate -2 - (0 + -3) - 0.
1
Calculate -1 + 1 + -1 - -5 - 1.
3
Evaluate 1 - (-7 + (4 - (7 - 4))).
7
Calculate 2 + 2 + (-5 - 0).
-1
Evaluate 0 + -2 + 17 + -15.
0
What is 8 - (2 + 5) - -7?
8
Evaluate -4 - (-1 + 0) - -1.
-2
Evaluate -6 + (-2 - -6) + (-4 - 1).
-7
-2 - 0 - ((1 - -1) + -8)
4
What is 5 + -10 - (-1 + 0)?
-4
Evaluate 2 + -8 - (39 - 39).
-6
What is the value of -2 + 3 + -10 + 4?
-5
What is -6 - 2 - (-4 + 3)?
-7
Calculate (1 - -1) + 8 + -14 - -5.
1
10 + (4 - (8 - -3))
3
What is -3 + 7 + (-1 - 4)?
-1
What is the value of 2 + (-3 + 4 - -5 - 3)?
5
Evaluate -8 + 2 + -43 + 56.
7
Evaluate -15 + 11 + -5 - -5.
-4
Evaluate 6 + (-4 - (-3 + 0 - -2)).
3
What is the value of -1 + (4 - (3 + 3)) + 5?
2
What is (-20 - (-24 + 12)) + 16?
8
Calculate (6 - (-5 - -12)) + 6 + -8.
-3
Evaluate -6 - 3 - (-21 - -12).
0
What is (0 - 1) + 1 + (4 - 4)?
0
2 + (-1 - 5) - -6
2
What is 3 + -3 + -4 + 2 + 4?
2
What is the value of 1 - 0 - (-6 - -6 - -2)?
-1
Evaluate -1 - 4 - (-1 - 0).
-4
2 + -1 - 2 - 0
-1
What is the value of -4 + -10 + 7 + 10?
3
Evaluate -4 - (9 + -13) - (1 + -6).
5
2 + -3 - (-4 + 12 + -1)
-8
Evaluate -3 - (-1 - 5 - -3 - 2).
2
What is the value of (0 - 0) + (5 - 3) + -6?
-4
Evaluate (-2 - 1) + (-58 - -59).
-2
Evaluate 0 + -4 + (0 - (9 + -9)).
-4
Calculate 6 - (-4 + -2 - -7).
5
Calculate -5 + -1 + (17 - 17).
-6
What is ((5 - 2) + 2 - 3) + 1?
3
0 + 2 + (4 - 2 - 5)
-1
Calculate 4 + (-13 - -6) + 1.
-2
What is the value of 15 + -6 + -4 + 0?
5
Calculate 8 - (3 + (1 - 1)).
5
What is (-3 - (1 + -10)) + -4?
2
Evaluate 1 + (7 - 10) - (-3 - 5).
6
What is -1 + 10 + (174 - 180)?
3
Evaluate 12 + -23 + 3 - (0 - 5).
-3
What is (-14 - (3 + -7)) + 4 + 1?
-5
Calculate 2 - (3 + 3 - 1) - -3.
0
What is -9 - (19 + -14 + -10)?
-4
Evaluate 1 + (-1 - 3) + (10 - 5).
2
6 + -3 + 10 + -8
5
What is the value of -7 + 16 - (2 - -3)?
4
Evaluate 4 + (-1 + 3 - 0) - 12.
-6
What is -5 + (9 - (9 - 0))?
-5
What is the value of (2 - 3 - 7) + 5?
-3
Evaluate (-7 + 0 + 2 - -1) + -1.
-5
What is (111 - 105) + (-7 - 0) + 0?
-1
What is 0 + (-2 - -1 - (17 + -16))?
-2
-3 + 1 - (-25 - -26)
-3
What is the value of -2 + 7 - (4 + (10 - 3))?
-6
Calculate -1 + -4 + 5 - (2 + -2).
0
Evaluate -6 + (-2 - (2 + -7)).
-3
What is the value of -3 + 2 + 7 + -3?
3
What is (-3 - 1) + (7 - 3)?
0
Evaluate 1 - -7 - (-16 - -23).
1
What is the value of (1 - 7) + -2 + 3?
-5
What is 3 + -7 + (-14 - -16)?
-2
(0 - (-3 + 0)) + 0 + 1
4
4 + -3 + -3